Schwyzi's weather

 Latitude N 47° 32' 21"    Longitude E 07° 10' 18"    Elevation 385 m

Dawn: 07:30 Sunrise: 08:02 Moonrise: 11:23 Moon
Dusk: 19:00 Sunset:  18:29 Moonset: 20:53
Daylight: 11:30 Day length: 10:27 Moon Phase: Waxing Crescent

Report for 2016 Nov
                   Monthly Climatological Summary for Nov 2016

Name: Schwyzi's Wetter   City: 68580 Seppois le Bas   State: France
Elevation: 385 m  Lat: N 47 32' 21"   Lon: E 007 10' 18"

                  Temperature (C), Rain (mm), Wind Speed (km/h)

                                      Heat  Cool        Avg
    Mean                              Deg   Deg         Wind                 Dom
Day Temp  High   Time   Low    Time   Days  Days  Rain  Speed High   Time    Dir
----------------------------------------------------------------------------------
 1   9.0  21.8   15:37   0.7   07:37  10.5   0.3   0.3   0.4   6.1   12:07   NNE
 2   9.2  12.0   11:39   6.3   00:08   9.1   0.0   0.0   3.0  17.3   13:39     S
 3   5.0  12.1   15:10  -1.0   23:40  13.4   0.0   0.0   1.1  14.8   13:10    NE
 4   5.7  18.3   14:19  -2.6   04:49  12.6   0.0   0.0   0.4   6.1   12:29     E
 5   9.6  15.3   10:50   6.5   23:55   8.7   0.0   8.7   1.9  15.8   13:11   SSW
 6   5.0  10.9   14:43   3.1   18:25  13.3   0.0   4.2   2.2  19.4   15:45   SSW
 7   2.5   8.7   14:44  -3.0   23:58  15.8   0.0   1.8   1.5  14.8   15:19     S
 8  -0.3   2.9   12:26  -3.9   03:51  18.6   0.0   0.6   1.1  17.3   15:52   SSW
 9   3.5   7.1   21:20  -0.3   07:03  14.8   0.0   6.0   3.0  31.7   21:36   SSW
10   6.9   9.3   12:30   4.7   04:30  11.4   0.0  17.1   5.2  27.0   01:57   SSW
11   5.1   7.8   00:09   3.3   08:39  13.2   0.0  12.6   3.3  14.8   02:39   SSW
12   2.6   9.2   13:11  -1.6   22:12  15.7   0.0   0.0   1.0   8.6   13:41   NNE
13   3.2   7.1   13:42   0.1   00:12  15.1   0.0   4.2   1.7  11.2   11:42   NNE
14   1.9   3.4   00:12   0.8   23:42  16.4   0.0   0.0   2.8  13.3   09:42   NNE
15   4.3   8.8   14:12   0.7   04:12  14.0   0.0   0.0   2.1  14.8   12:42   SSW
16   8.4  11.3   12:12   5.7   00:12   9.9   0.0   0.9   3.2  18.4   21:13   SSW
17  10.5  12.7   12:13   6.8   23:43   7.8   0.0   1.5   2.6  15.8   00:13    SW
18  11.0  15.4   13:43   6.8   00:13   7.3   0.0  12.9   4.1  27.0   12:13   SSW
19   5.5  10.4   14:56   1.6   19:07  12.8   0.0   7.5   2.0  23.4   06:49   SSW
20   7.4  20.5   15:06  -0.7   07:21  11.0   0.1   0.3   1.5  33.1   12:41     S
21   6.9  10.5   14:38   2.4   02:58  11.4   0.0   0.0   1.1  13.3   23:09     E
22   9.2  12.7   13:14   4.3   23:33   9.1   0.0   0.0   1.4  18.4   01:13     E
23   7.6  13.0   13:09   4.4   00:00  10.7   0.0   0.0   1.1  12.2   22:29    NE
24   6.3   7.2   12:19   5.6   06:21  12.0   0.0   0.0   3.2  22.0   23:30    NE
25   6.5   8.5   12:24   3.7   23:59  11.8   0.0   0.0   3.6  22.0   06:11    NE
26   6.1  11.2   11:56   2.1   01:33  12.2   0.0   0.0   0.4   8.6   10:26     E
27   5.1   7.0   13:08   2.4   05:28  13.2   0.0   0.0   2.8  25.6   20:28    NE
28   2.4   6.3   14:22  -2.1   23:36  15.9   0.0   0.0   8.7  31.7   14:07    NE
29  -1.5   4.7   14:36  -4.7   23:57  19.8   0.0   0.0   3.7  20.9   10:55    NE
30  -0.5  10.7   12:16  -6.7   04:22  18.8   0.0   0.0   0.8  11.2   13:32   SSE
----------------------------------------------------------------------------------
     5.5  21.8     1    -6.7    30   386.3   0.4  78.6   2.4  33.1    20      SE

Max >=  27.0:  0
Max <=   0.0:  0
Min <=   0.0: 10
Min <= -18.0:  0
Max Rain: 17.1 on day 10
Days of Rain: 14 (>= 0.2 mm)  8 (>= 2.0 mm)  0 (>= 20.0 mm)
Heat Base: 18.3  Cool Base: 18.3  Method: Integration
:now::gauges::today::yesterday::this month::this year::NOAA-style reports: :records::monthly records::trends::webcam:


Page updated 23.10.2017 00:45:00
powered by Cumulus v1.9.4 (1099)