Schwyzi's weather

 Latitude N 47° 32' 21"    Longitude E 07° 10' 18"    Elevation 385 m

Dawn: 07:30 Sunrise: 08:02 Moonrise: 11:23 Moon
Dusk: 19:00 Sunset:  18:29 Moonset: 20:53
Daylight: 11:30 Day length: 10:27 Moon Phase: Waxing Crescent

Report for 2016 Dec
                   Monthly Climatological Summary for Dez 2016

Name: Schwyzi's Wetter   City: 68580 Seppois le Bas   State: France
Elevation: 385 m  Lat: N 47 32' 21"   Lon: E 007 10' 18"

                  Temperature (C), Rain (mm), Wind Speed (km/h)

                                      Heat  Cool        Avg
    Mean                              Deg   Deg         Wind                 Dom
Day Temp  High   Time   Low    Time   Days  Days  Rain  Speed High   Time    Dir
----------------------------------------------------------------------------------
 1   0.0  14.4   13:58  -5.1   07:35  18.3   0.0   0.0   0.5   7.2   14:15     E
 2  -0.9   8.7   14:07  -3.7   00:00  19.2   0.0   0.3   1.1  18.4   14:56    NE
 3   0.8   2.8   12:20  -2.3   22:31  17.5   0.0   0.0   1.7  14.8   12:37   ENE
 4  -1.3   6.5   14:19  -4.5   05:55  19.6   0.0   0.0   1.4  15.8   13:00    NE
 5  -0.6  10.1   13:51  -4.8   02:07  18.9   0.0   0.0   0.4   6.1   12:27   ENE
 6  -0.9   9.8   14:44  -4.9   07:15  19.2   0.0   0.0   1.0   9.7   13:50    NE
 7  -1.6   2.0   14:07  -3.4   05:33  19.9   0.0   0.0   1.3   9.7   01:15   ENE
 8   0.6  16.1   14:44  -5.2   06:27  17.7   0.0   0.3   0.5   7.2   13:13     E
 9   1.5  15.6   13:28  -4.2   06:41  16.8   0.0   0.0   0.7   9.7   12:37   ESE
10   1.1  14.4   14:39  -4.2   06:59  17.2   0.0   0.0   1.0  13.3   12:25     S
11   1.4   6.0   11:57  -3.6   03:11  16.9   0.0   0.0   1.4  13.3   13:07    SE
12   1.2   9.2   12:11  -3.1   08:20  17.1   0.0   0.3   1.1  18.4   13:40    NE
13  -0.4   3.7   14:51  -4.3   04:54  18.7   0.0   0.0   0.7   8.6   13:49   WSW
14   2.9  14.0   13:57  -2.5   23:51  15.4   0.0   0.0   0.7   8.6   14:17    NE
15  -0.5  11.7   14:25  -5.0   08:11  18.8   0.0   0.0   0.4   7.2   14:39   ENE
16  -1.3   1.4   13:06  -4.9   05:54  19.6   0.0   0.0   2.2  14.8   12:25    NE
17   0.9  10.6   14:11  -2.3   22:17  17.4   0.0   0.0   1.1  11.2   00:00   ENE
18   0.7   2.4   13:36  -2.1   00:00  17.6   0.0   0.0   0.4   6.1   07:03    NE
19   2.0   3.6   13:42   1.5   06:09  16.3   0.0   1.2   1.9  14.8   04:55    NE
20  -0.6   1.7   00:00  -1.4   05:45  19.0   0.0   0.0   2.0  13.3   00:49    NE
21  -1.8   0.4   15:20  -3.9   08:20  20.1   0.0   0.0   0.7   5.0   12:50   ENE
22   0.4   6.9   14:50  -3.0   08:50  17.9   0.0   0.0   1.0   6.1   13:50   NNE
23   4.9   7.1   14:21   3.0   00:21  13.4   0.0   0.6   1.0  11.2   22:21   SSE
24   6.9   9.8   11:21   2.6   04:21  11.5   0.0   1.8   3.3  20.9   13:36   SSW
25   7.2   9.6   11:56   5.5   20:09  11.1   0.0   0.0   3.6  24.5   11:53   SSW
26   6.5   9.2   14:57   4.8   19:54  11.8   0.0   0.0   3.0  22.0   10:44   SSW
27   2.9  10.7   13:41  -2.2   23:57  15.4   0.0   0.0   1.1  13.3   15:46   ENE
28   0.0   7.3   14:33  -4.8   07:56  18.3   0.0   0.3   2.0  19.4   11:39    NE
29  -0.7   6.1   14:24  -4.5   22:55  19.0   0.0   0.0   2.8  20.9   12:37    NE
30  -2.6   6.2   13:55  -6.3   06:32  20.9   0.0   0.0   0.7   8.6   15:04   NNE
31  -2.7  -0.7   14:39  -4.3   23:46  21.0   0.0   0.0   0.2   6.1   02:09     E
----------------------------------------------------------------------------------
     0.8  16.1     8    -6.3    30   541.5   0.0   4.8   1.3  24.5    25     ENE

Max >=  27.0:  0
Max <=   0.0:  1
Min <=   0.0: 26
Min <= -18.0:  0
Max Rain: 1.8 on day 24
Days of Rain: 7 (>= 0.2 mm)  0 (>= 2.0 mm)  0 (>= 20.0 mm)
Heat Base: 18.3  Cool Base: 18.3  Method: Integration
:now::gauges::today::yesterday::this month::this year::NOAA-style reports: :records::monthly records::trends::webcam:


Page updated 23.10.2017 00:45:00
powered by Cumulus v1.9.4 (1099)