Schwyzi's weather

 Latitude N 47° 32' 21"    Longitude E 07° 10' 18"    Elevation 385 m

Dawn: 07:30 Sunrise: 08:02 Moonrise: 11:23 Moon
Dusk: 19:00 Sunset:  18:29 Moonset: 20:53
Daylight: 11:30 Day length: 10:27 Moon Phase: Waxing Crescent
Select a Year or Month report

Report for 2017
                   Annual Climatological Summary for 2017

Name: Schwyzi's Wetter   City: 68580 Seppois le Bas   State: France
Elevation: 385 m  Lat: N 47 32' 21"   Lon: E 007 10' 18"

                  Temperature (C), Heat Base: 18.3  Cool Base: 18.3
                          Dep.  Heat  Cool                       Max  Max  Min  Min
        Mean  Mean        From  Deg   Deg                        >=   <=   <=   <=
 YR MO  Max   Min   Mean  Norm  Days  Days  Hi  Date  Low  Date 27.0  0.0  0.0 -18.0
------------------------------------------------------------------------------------
 17  1   2.8  -5.3  -2.0   0.0   628     0  11.7  29 -12.2    7    0    8   28    0
 17  2  11.4  -0.6   5.0   0.0   371     0  20.8  23 -25.0   21    0    0   13    1
 17  3  17.2   2.8   9.0   0.0   295     6  25.1  29  -1.2    8    0    0    7    0
 17  4  18.0   2.6  10.0   0.0   258     8  28.0   9  -3.7   21    1    0    7    0
 17  5  24.3   8.8  16.1   0.0   132    64  36.6  28   0.8    2   11    0    0    0
 17  6  29.3  14.0  21.4   0.0    36   129  36.7  22   5.6    8   22    0    0    0
 17  7  29.2  14.8  21.2   0.0    29   120  38.4   6  10.1   16   20    0    0    0
 17  8  29.5  13.6  20.8   0.0    44   122  35.6   2   8.1   20   23    0    0    0
 17  9  22.4   8.7  14.3   0.0   141    21  29.1  29   4.0   21    3    0    0    0
 17 10  17.2   6.7  11.2   0.0   164     7  30.2  15   1.7    7    3    0    0    0
 17 11
 17 12
------------------------------------------------------------------------------------
        20.1   6.6  12.7   0.0  2104   481  38.4 Jul -25.0  Feb   83    8   55    1

                                Precipitation (mm)

              Dep.   Max        Days of Rain
              From   Obs.           >=
 YR MO Total  Norm   Day Date  0.2  2.0 20.0
---------------------------------------------
 17  1  29.7   0.0   7.8  31    16    5    0
 17  2  70.2   0.0  27.9  28    16    7    1
 17  3  63.0   0.0  12.0   6    14    9    0
 17  4  52.8   0.0  17.4  25     6    6    0
 17  5  72.0   0.0  13.8  19    16   12    0
 17  6  52.2   0.0  16.5  28    11    7    0
 17  7  58.8   0.0  10.8   9    19   11    0
 17  8  67.2   0.0  12.9  10    11    8    0
 17  9  48.9   0.0  12.0  14    14    9    0
 17 10  21.0   0.0   9.3   3     8    3    0
 17 11
 17 12
---------------------------------------------
       535.8   0.0  27.9  Feb  131   77    1

                                Wind Speed (km/h)
                          Dom
 YR MO   Avg.  Hi   Date  Dir
------------------------------
 17  1   3.1 158.0    3   ENE
 17  2   2.8 196.0   21   SSE
 17  3   3.5  42.8    5     S
 17  4   2.9  78.5   30   NNE
 17  5   2.5  28.1    1    NE
 17  6   3.0  33.1   29   SSW
 17  7   2.9  33.1   12   SSW
 17  8   2.2 158.0   22    SE
 17  9   2.0  42.8   14     S
 17 10   1.1  28.1    5   SSW
 17 11
 17 12
------------------------------
         2.6 196.0  Feb   SSE
:now::gauges::today::yesterday::this month::this year::NOAA-style reports: :records::monthly records::trends::webcam:


Page updated 23.10.2017 00:30:01
powered by Cumulus v1.9.4 (1099)