Schwyzi's weather

 Latitude N 47° 32' 21"    Longitude E 07° 10' 18"    Elevation 385 m

Dawn: 07:30 Sunrise: 08:02 Moonrise: 11:23 Moon
Dusk: 19:00 Sunset:  18:29 Moonset: 20:53
Daylight: 11:30 Day length: 10:27 Moon Phase: Waxing Crescent
Select a Year or Month report

Report for 2017 Jan
                   Monthly Climatological Summary for Jan 2017

Name: Schwyzi's Wetter   City: 68580 Seppois le Bas   State: France
Elevation: 385 m  Lat: N 47 32' 21"   Lon: E 007 10' 18"

                  Temperature (C), Rain (mm), Wind Speed (km/h)

                                      Heat  Cool        Avg
    Mean                              Deg   Deg         Wind                 Dom
Day Temp  High   Time   Low    Time   Days  Days  Rain  Speed High   Time    Dir
----------------------------------------------------------------------------------
 1  -2.9   6.9   13:40  -8.1   05:31  21.2   0.0   0.3   1.2  17.3   14:56     S
 2  -0.7   2.2   14:08  -2.6   02:39  19.0   0.0   0.0   1.5  13.3   11:38     S
 3  -1.2   5.1   13:29  -3.3   23:10  19.5   0.0   0.6   1.5 158.0   16:28   ESE
 4  -1.0   0.8   12:58  -3.3   01:39  19.3   0.0   0.3   4.6  25.6   14:09   SSW
 5  -1.6   4.6   14:14  -9.9   23:58  19.9   0.0   0.6   2.2  15.8   00:00     S
 6  -7.0  -0.9   14:42 -10.8   01:20  25.3   0.0   0.0   2.4  20.9   13:18    NE
 7  -6.6  -2.1   12:07 -12.2   06:59  24.9   0.0   0.0   1.3  12.2   22:37    SE
 8  -1.1   1.6   13:57  -3.9   02:58  19.4   0.0   0.6   1.9  14.8   01:02   SSW
 9   0.3   3.2   12:09  -0.8   08:10  18.0   0.0   2.1   0.9   9.7   18:57   WNW
10   0.7   2.8   11:59  -1.1   01:51  17.6   0.0   4.8   1.3  18.4   13:39     S
11   3.3   6.2   22:55   0.1   03:07  15.0   0.0   1.5   2.9  23.4   16:13   SSW
12   6.3   9.9   23:28   5.4   11:09  12.0   0.0   1.8   3.6  46.4   23:31   SSW
13   1.5   8.9   00:00  -0.3   21:12  16.8   0.0   3.9   7.1  50.0   00:25   SSW
14   0.4   1.2   11:34  -1.3   23:09  17.9   0.0   1.5   4.8  19.4   08:20     S
15  -1.1   2.0   13:28  -3.5   07:03  19.4   0.0   0.3   1.5  14.8   14:23     S
16  -2.8   0.2   13:17  -6.1   05:53  21.1   0.0   0.0   3.4  31.7   23:21   NNE
17  -3.8  -2.5   12:29  -5.4   08:51  22.1   0.0   0.3   9.0  36.7   15:02   NNE
18  -3.8  -0.5   14:31  -5.4   08:21  22.1   0.0   0.0   8.5  31.7   06:50    NE
19  -4.7  -3.1   14:28  -6.8   07:17  23.0   0.0   0.0   6.9  28.1   23:35    NE
20  -4.4   0.3   15:02  -7.4   23:56  22.9   0.0   0.0   5.4  28.1   00:16   ENE
21  -5.9   3.9   14:38 -11.8   06:26  24.1   0.0   0.0   2.0  15.8   12:07   ENE
22  -5.4   3.4   15:08 -11.9   07:31  23.7   0.0   0.0   2.1  19.4   11:19   ENE
23  -6.1  -4.4   14:28  -7.3   03:35  24.4   0.0   0.0   3.1  18.4   22:47   ENE
24  -6.1  -4.8   15:22  -7.4   07:22  24.4   0.0   0.0   3.4  14.8   04:52   ENE
25  -5.8  -5.0   00:00  -7.9   23:40  24.1   0.0   0.0   6.6  28.1   16:19    NE
26  -6.1   0.4   15:04 -11.6   04:40  24.4   0.0   0.0   3.4  24.5   10:35    NE
27  -4.5   6.9   15:29 -10.9   06:06  22.8   0.0   0.3   1.1   8.6   12:34   ENE
28  -1.0  11.2   14:50  -6.1   03:47  19.3   0.0   0.0   0.6   8.6   12:46     E
29   0.9  11.7   14:47  -4.1   00:07  17.4   0.0   0.0   0.5   6.1   04:27   ESE
30   2.1   6.4   13:57  -3.1   01:00  16.2   0.0   3.0   0.3   6.1   07:15     E
31   6.8   9.1   11:00   3.1   02:53  11.5   0.0   7.8   1.0  13.3   14:26     S
----------------------------------------------------------------------------------
    -2.0  11.7    29   -12.2     7   628.7   0.0  29.7   3.1 158.0     3       E

Max >=  27.0:  0
Max <=   0.0:  8
Min <=   0.0: 28
Min <= -18.0:  0
Max Rain: 7.8 on day 31
Days of Rain: 16 (>= 0.2 mm)  5 (>= 2.0 mm)  0 (>= 20.0 mm)
Heat Base: 18.3  Cool Base: 18.3  Method: Integration
:now::gauges::today::yesterday::this month::this year::NOAA-style reports: :records::monthly records::trends::webcam:


Page updated 23.10.2017 00:35:01
powered by Cumulus v1.9.4 (1099)