Schwyzi's weather

 Latitude N 47° 32' 21"    Longitude E 07° 10' 18"    Elevation 385 m

Dawn: 07:30 Sunrise: 08:02 Moonrise: 11:23 Moon
Dusk: 19:00 Sunset:  18:29 Moonset: 20:53
Daylight: 11:30 Day length: 10:27 Moon Phase: Waxing Crescent
Select a Year or Month report

Report for 2017 Feb
                   Monthly Climatological Summary for Feb 2017

Name: Schwyzi's Wetter   City: 68580 Seppois le Bas   State: France
Elevation: 385 m  Lat: N 47 32' 21"   Lon: E 007 10' 18"

                  Temperature (C), Rain (mm), Wind Speed (km/h)

                                      Heat  Cool        Avg
    Mean                              Deg   Deg         Wind                 Dom
Day Temp  High   Time   Low    Time   Days  Days  Rain  Speed High   Time    Dir
----------------------------------------------------------------------------------
 1   4.7  13.5   14:46   1.8   23:24  13.6   0.0   1.5   0.7   7.2   15:08   NNE
 2   6.3  16.7   12:08   0.4   07:25  12.0   0.0   0.0   1.3  15.8   15:17   ENE
 3   8.5  15.3   13:36   4.8   00:13   9.8   0.0   2.4   2.5  23.4   19:09   SSE
 4   4.9   8.7   14:40   0.2   05:05  13.4   0.0   6.3   3.9  41.8   18:48   SSW
 5   2.3   4.5   20:07  -1.7   03:20  16.0   0.0  12.9   0.6   8.6   13:41   NNE
 6   4.6   6.2   13:47   3.8   02:08  13.7   0.0   5.7   0.7  11.2   11:52    NE
 7   3.8   6.3   12:34   1.1   07:41  14.5   0.0   4.2   0.4  11.2   14:10     E
 8   4.0   5.9   15:38   3.0   06:22  14.3   0.0   1.2   1.7  15.8   21:35    NE
 9   1.1   3.4   14:15  -0.7   09:43  17.2   0.0   0.0   4.3  15.8   14:34    NE
10   0.6   2.6   16:07  -0.7   04:07  17.7   0.0   0.6   2.1  14.8   16:21    NE
11   3.6   9.7   12:34   0.3   04:51  14.7   0.0   0.3   1.6  13.3   13:09   NNE
12   4.3   9.8   15:32   1.4   23:52  14.0   0.0   0.0   4.7  22.0   17:59    NE
13   1.7   4.7   15:09   0.4   03:19  16.6   0.0   0.0   7.4  30.6   11:21   ENE
14   2.8  14.8   15:36  -3.5   07:47  15.5   0.0   0.0   1.6  11.2   00:11    NE
15   4.9  18.6   14:54  -3.0   03:55  13.4   0.0   0.0   1.3  20.9   12:48   SSW
16   6.8  19.0   15:31  -1.4   07:42  11.5   0.0   0.0   1.0  13.3   14:47   SSE
17   6.8  12.9   14:30   0.2   23:59  11.5   0.0   4.2   1.5  13.3   08:20   SSE
18   2.3  10.6   15:57  -1.5   04:34  15.9   0.0   0.0   1.9  18.4   12:08    NE
19   3.8  13.1   16:12  -2.9   07:45  14.5   0.0   0.3   2.0  22.0   12:24     S
20   7.0  10.9   13:58   3.4   03:57  11.3   0.0   0.3   2.6  23.4   11:55   SSW
21  10.1  13.3   14:29 -25.0   07:55   8.2   0.0   0.6   4.9 196.0   07:55   SSW
22   9.6  11.4   15:52   7.3   23:47   8.7   0.0   0.0   7.7  36.7   15:32   SSW
23  10.6  20.8   14:16   1.1   07:41   7.9   0.2   1.5   6.6  36.7   14:25   SSW
24   5.1  10.6   13:42  -1.5   23:51  13.2   0.0   0.3   4.3  28.1   12:47   SSW
25   3.0  14.3   16:15  -2.6   04:38  15.3   0.0   0.0   1.7  15.8   11:58    NE
26   4.5  15.9   16:12  -1.0   04:56  13.8   0.0   0.0   1.5  17.3   12:36    SE
27   8.5  18.4   13:59  -1.2   04:54   9.8   0.0   0.0   4.1  40.3   21:59   SSW
28   4.4   7.8   12:40   1.0   03:29  13.9   0.0  27.9   4.4  39.2   18:33   SSW
----------------------------------------------------------------------------------
     5.0  20.8    23   -25.0    21   371.9   0.2  70.2   2.8 196.0    21     SSE

Max >=  27.0:  0
Max <=   0.0:  0
Min <=   0.0: 13
Min <= -18.0:  1
Max Rain: 27.9 on day 28
Days of Rain: 16 (>= 0.2 mm)  7 (>= 2.0 mm)  1 (>= 20.0 mm)
Heat Base: 18.3  Cool Base: 18.3  Method: Integration
:now::gauges::today::yesterday::this month::this year::NOAA-style reports: :records::monthly records::trends::webcam:


Page updated 23.10.2017 00:35:01
powered by Cumulus v1.9.4 (1099)