Schwyzi's weather

 Latitude N 47° 32' 21"    Longitude E 07° 10' 18"    Elevation 385 m

Dawn: 07:30 Sunrise: 08:02 Moonrise: 11:23 Moon
Dusk: 19:00 Sunset:  18:29 Moonset: 20:53
Daylight: 11:30 Day length: 10:27 Moon Phase: Waxing Crescent
       
   
Select a Year or Month report

Report for 2017 Mar
                   Monthly Climatological Summary for Mär 2017

Name: Schwyzi's Wetter   City: 68580 Seppois le Bas   State: France
Elevation: 385 m  Lat: N 47° 32' 21"   Lon: E 007° 10' 18"

                  Temperature (°C), Rain (mm), Wind Speed (km/h)

                                      Heat  Cool        Avg
    Mean                              Deg   Deg         Wind                 Dom
Day Temp  High   Time   Low    Time   Days  Days  Rain  Speed High   Time    Dir
----------------------------------------------------------------------------------
 1   6.9  10.0   14:21   3.3   03:48  11.4   0.0   3.6   6.9  37.8   22:15   SSW
 2   7.4  13.3   16:28   0.4   23:52  10.9   0.0  10.8   5.0  34.2   00:06   SSW
 3   6.4  16.6   14:33  -0.8   01:38  11.9   0.0   0.0   1.5  15.8   13:15    NE
 4   5.5  13.9   12:23   0.0   04:49  12.8   0.0   3.9   3.2  33.1   14:29     S
 5   6.8  13.6   12:54   3.0   06:32  11.5   0.0   5.7   5.4  42.8   21:20   SSW
 6   5.5   8.1   11:08   2.9   02:30  12.8   0.0  12.0   4.3  33.1   01:33   SSW
 7   5.2  10.9   14:12   2.4   23:57  13.1   0.0   1.8   3.9  25.6   01:12   SSW
 8   5.3  10.4   23:36  -1.2   05:18  13.0   0.0   3.0   2.0  17.3   14:11     S
 9  10.2  10.9   12:06   9.6   06:44   8.1   0.0   7.5   4.5  23.4   12:41   SSW
10   8.9  16.7   15:08   0.9   23:53   9.4   0.0   0.3   2.4  18.4   15:20    NE
11   7.0  19.0   16:36  -1.2   04:45  11.3   0.0   0.0   2.2  18.4   09:23    NE
12   7.7  19.8   15:38  -0.2   06:25  10.7   0.1   0.0   1.6  15.8   10:42    NE
13   7.3  18.5   16:49  -1.0   06:22  11.0   0.0   0.0   1.5  14.8   13:43    NE
14   7.7  22.2   16:26  -1.1   06:19  10.8   0.2   0.0   1.4  13.3   12:15    NE
15   8.6  19.5   15:25   0.1   06:40   9.8   0.0   0.0   2.3  18.4   11:20    NE
16   9.8  22.0   16:12   0.8   06:36   8.8   0.3   0.0   2.2  17.3   10:51    NE
17  11.0  21.2   14:35   2.3   06:52   7.7   0.4   0.0   4.4  36.7   17:16   SSW
18   8.9  22.4   17:05   7.3   08:05   9.4   0.0   0.9   7.5  35.6   17:23   SSW
19  11.6  17.1   16:06   9.4   00:45   6.7   0.0   0.3   4.4  24.5   04:23   SSW
20  11.9  16.8   16:05   9.1   06:07   6.4   0.0   0.0   4.4  23.4   22:37   SSW
21  10.1  14.5   11:42   5.0   23:37   8.2   0.0   9.0   4.2  23.4   10:32   SSW
22   5.7  10.3   14:23   3.1   05:55  12.6   0.0   3.6   2.8  14.8   00:24   NNE
23  10.4  17.8   16:11   2.5   06:05   7.9   0.0   0.6   3.7  25.6   14:37    NE
24   9.8  11.8   15:14   8.3   08:43   8.5   0.0   0.0   4.6  27.0   18:21    NE
25  10.0  18.1   18:04   5.4   08:34   8.3   0.0   0.0   5.7  20.9   17:04    NE
26   9.3  18.6   17:35   1.8   05:05   9.0   0.0   0.0   1.6  11.2   14:35    NE
27  11.1  22.2   17:05   2.2   07:05   7.7   0.6   0.0   2.1  12.2   11:05    NE
28  12.2  22.1   18:35   2.7   07:35   6.8   0.7   0.0   2.5  17.3   17:05   WSW
29  13.3  25.1   18:05   3.4   07:05   6.2   1.2   0.0   1.4   8.6   14:05     N
30  13.1  25.0   18:05   3.2   07:05   6.5   1.3   0.0   2.2  15.8   13:05    NE
31  13.6  24.3   13:41   4.0   05:58   6.1   1.4   0.0   1.8  23.4   15:16     S
----------------------------------------------------------------------------------
     9.0  25.1    29    -1.2     8   295.3   6.2  63.0   3.5  42.8     5       S

Max >=  27.0:  0
Max <=   0.0:  0
Min <=   0.0:  7
Min <= -18.0:  0
Max Rain: 12.0 on day 6
Days of Rain: 14 (>= 0.2 mm)  9 (>= 2.0 mm)  0 (>= 20.0 mm)
Heat Base: 18.3  Cool Base: 18.3  Method: Integration
       
:now::gauges::today::yesterday::this month::this year::NOAA-style reports: :records::monthly records::trends::webcam:


Page updated 23.10.2017 00:30:01
powered by Cumulus v1.9.4 (1099)