Schwyzi's weather

 Latitude N 47° 32' 21"    Longitude E 07° 10' 18"    Elevation 385 m

Dawn: 07:30 Sunrise: 08:02 Moonrise: 11:23 Moon
Dusk: 19:00 Sunset:  18:29 Moonset: 20:53
Daylight: 11:30 Day length: 10:27 Moon Phase: Waxing Crescent
Select a Year or Month report

Report for 2017 Apr
                   Monthly Climatological Summary for Apr 2017

Name: Schwyzi's Wetter   City: 68580 Seppois le Bas   State: France
Elevation: 385 m  Lat: N 47 32' 21"   Lon: E 007 10' 18"

                  Temperature (C), Rain (mm), Wind Speed (km/h)

                                      Heat  Cool        Avg
    Mean                              Deg   Deg         Wind                 Dom
Day Temp  High   Time   Low    Time   Days  Days  Rain  Speed High   Time    Dir
----------------------------------------------------------------------------------
 1  11.0  17.7   12:22   5.8   07:12   7.3   0.0   0.0   3.8  34.2   13:19     S
 2  11.6  16.0   13:53   8.1   06:49   6.7   0.0   0.0   2.9  23.4   11:45   NNE
 3  13.9  22.6   14:57   6.1   07:18   4.7   0.3   0.0   2.3  17.3   14:59    NE
 4  12.0  20.4   13:58   6.5   07:18   6.3   0.1   0.0   1.5  19.4   14:38   NNE
 5  11.3  19.6   16:44   3.7   07:39   7.0   0.0   0.0   2.5  28.1   18:07   NNE
 6   9.8  15.7   16:42   3.2   23:56   8.5   0.0   0.0   4.7  29.5   14:43   NNE
 7  10.1  23.6   17:12  -0.5   06:52   8.7   0.5   0.0   1.8  18.4   11:48   NNE
 8  12.5  26.0   17:36   1.7   06:21   7.0   1.2   0.0   2.4  18.4   11:30    NE
 9  15.0  28.0   16:40   2.5   06:56   5.8   2.5   0.0   1.9  15.8   14:56   NNW
10  15.7  25.9   16:19   5.0   06:26   4.5   1.9   0.0   3.3  25.6   14:16   SSW
11  12.6  20.1   16:59   5.3   23:58   5.7   0.1   0.0   2.9  18.4   15:47   NNE
12  11.9  21.7   17:44   0.7   06:51   6.9   0.5   0.0   2.7  19.4   14:21   SSW
13  13.2  19.5   17:14   6.7   23:53   5.1   0.0   0.0   4.0  28.1   12:27   SSW
14  11.4  18.9   16:39   4.0   06:52   6.9   0.0   0.0   2.3  20.9   13:41    NW
15  10.1  15.0   15:31   4.5   02:55   8.2   0.0   0.0   2.9  20.9   19:03   SSW
16   9.9  14.6   15:04   7.6   22:45   8.4   0.0   2.1   4.1  29.5   14:42     S
17   8.6  12.8   09:07   5.3   04:28   9.7   0.0   4.2   3.1  27.0   10:43   SSW
18   6.1  12.5   14:39   0.7   06:53  12.2   0.0   0.0   3.0  33.1   16:59   NNE
19   4.4   9.2   16:14   0.4   00:21  13.9   0.0   0.0   6.8  34.2   15:51   NNE
20   4.5  13.1   16:55  -2.1   06:37  13.8   0.0   0.0   4.4  27.0   14:17    NE
21   7.5  23.0   18:16  -3.7   06:30  11.0   0.2   0.0   2.4  23.4   11:51    NE
22   9.3  18.0   11:20  -1.2   06:35   9.0   0.0   0.0   2.6  20.9   12:20    NW
23  10.2  17.4   16:50   2.9   23:54   8.1   0.0   0.0   3.6  19.4   16:35   NNE
24  11.2  23.2   16:51  -1.1   06:22   7.9   0.8   0.0   2.5  19.4   14:19    NE
25  10.4  15.5   10:20   2.4   23:51   7.9   0.0  17.4   3.6  24.5   11:40   SSW
26   3.2   6.3   17:54   0.6   05:39  15.1   0.0  15.6   0.7  11.2   00:10     N
27   4.1   7.7   17:07   1.2   05:53  14.2   0.0  10.8   1.2  11.2   20:30     N
28   6.5  12.7   17:59   1.7   23:50  11.8   0.0   2.7   2.4  18.4   13:10   SSW
29   8.9  18.1   15:47  -1.2   05:47   9.4   0.0   0.0   2.6  22.0   17:07    NE
30  11.7  23.7   17:58  -0.2   06:07   7.3   0.7   0.0   3.2  78.5   21:03    NE
----------------------------------------------------------------------------------
    10.0  28.0     9    -3.7    21   259.0   8.8  52.8   2.9  78.5    30     NNE

Max >=  27.0:  1
Max <=   0.0:  0
Min <=   0.0:  7
Min <= -18.0:  0
Max Rain: 17.4 on day 25
Days of Rain: 6 (>= 0.2 mm)  6 (>= 2.0 mm)  0 (>= 20.0 mm)
Heat Base: 18.3  Cool Base: 18.3  Method: Integration
:now::gauges::today::yesterday::this month::this year::NOAA-style reports: :records::monthly records::trends::webcam:


Page updated 23.10.2017 00:30:01
powered by Cumulus v1.9.4 (1099)