Schwyzi's weather

 Latitude N 47° 32' 21"    Longitude E 07° 10' 18"    Elevation 385 m

Dawn: 07:30 Sunrise: 08:02 Moonrise: 11:23 Moon
Dusk: 19:00 Sunset:  18:29 Moonset: 20:53
Daylight: 11:30 Day length: 10:27 Moon Phase: Waxing Crescent
Select a Year or Month report

Report for 2017 May
                   Monthly Climatological Summary for Mai 2017

Name: Schwyzi's Wetter   City: 68580 Seppois le Bas   State: France
Elevation: 385 m  Lat: N 47 32' 21"   Lon: E 007 10' 18"

                  Temperature (C), Rain (mm), Wind Speed (km/h)

                                      Heat  Cool        Avg
    Mean                              Deg   Deg         Wind                 Dom
Day Temp  High   Time   Low    Time   Days  Days  Rain  Speed High   Time    Dir
----------------------------------------------------------------------------------
 1   9.2  14.3   18:24   5.2   07:05   9.1   0.0   2.7   4.4  28.1   03:31   SSW
 2   9.4  17.0   17:31   0.8   06:39   8.9   0.0   2.1   1.7  23.4   18:32   NNW
 3  11.5  18.8   17:08   6.6   06:21   6.8   0.0   3.3   1.9  13.3   16:24    SW
 4   9.9  15.5   12:42   5.8   03:53   8.4   0.0   1.5   1.5  20.9   13:00   NNE
 5  13.0  21.6   18:19   3.2   05:42   5.7   0.4   0.0   3.5  20.9   15:14   NNE
 6  11.6  15.7   12:11   8.7   01:31   6.7   0.0   7.5   2.1  14.8   11:23   ESE
 7  11.4  13.8   15:58   9.5   23:58   6.9   0.0   6.0   4.3  24.5   12:52   SSW
 8   9.7  13.1   12:24   7.9   22:38   8.6   0.0   3.0   4.5  23.4   12:17   SSW
 9  10.1  17.7   18:52   5.1   23:56   8.2   0.0   1.5   3.1  24.5   14:42   NNE
10  13.6  26.6   16:51   1.1   06:06   6.1   1.4   0.0   2.1  17.3   10:11   NNE
11  15.5  21.9   16:54  11.9   06:33   3.3   0.5   4.8   1.8  19.4   18:45    NE
12  14.8  23.8   18:16   7.8   06:09   4.0   0.5   1.8   1.1  25.6   13:16     N
13  14.8  25.1   14:52   9.4   04:33   4.4   0.9  12.3   1.7  25.6   16:17   SSW
14  15.5  24.2   19:01  10.7   03:38   3.6   0.8   5.7   2.1  22.0   20:27     S
15  17.6  26.7   17:34   9.9   06:21   2.8   2.2   2.1   2.0  17.3   14:25    NW
16  18.3  28.9   17:41   7.6   05:48   3.2   3.2   0.0   2.9  23.4   12:42   NNE
17  20.9  33.4   17:23   8.2   06:05   2.5   5.1   0.0   1.7  12.2   13:41   NNE
18  19.2  25.8   17:07  14.9   02:18   1.0   1.9   3.3   2.0  13.3   06:21    NE
19  11.2  17.2   00:00   6.3   23:41   7.1   0.0  13.8   3.9  28.1   12:08   SSW
20  11.1  20.5   18:24   3.9   04:26   7.2   0.0   0.0   1.6  15.8   14:29    SW
21  14.2  24.0   17:25   3.8   05:51   5.1   1.0   0.0   3.1  19.4   15:21   NNE
22  18.3  30.5   17:05   6.1   05:44   3.4   3.4   0.0   1.8  15.8   14:28     N
23  19.8  27.9   17:13  10.7   05:48   2.0   3.5   0.0   2.7  22.0   14:58   SSW
24  20.0  27.4   16:33  14.2   05:49   1.1   2.8   0.0   2.8  19.4   10:15   NNE
25  19.5  26.9   17:04  11.0   05:21   1.8   3.0   0.0   3.9  20.9   11:08    NE
26  20.2  30.4   17:59  10.5   04:50   1.9   3.7   0.0   3.6  27.0   11:36    NE
27  23.2  35.3   18:42  10.8   05:57   1.7   6.6   0.0   1.5  12.2   14:55   NNE
28  26.1  36.6   17:02  15.4   06:13   0.4   8.2   0.0   0.9  13.3   14:58     N
29  24.8  33.2   14:37  15.6   05:34   0.3   6.8   0.6   2.2  17.3   15:20     W
30  23.0  29.7   15:21  16.5   07:13   0.1   4.8   0.0   2.8  23.4   15:49     S
31  22.0  29.8   15:39  14.9   06:12   0.5   4.2   0.0   2.6  18.4   15:58     N
----------------------------------------------------------------------------------
    16.1  36.6    28     0.8     2   132.8  64.9  72.0   2.5  28.1     1     NNE

Max >=  27.0: 11
Max <=   0.0:  0
Min <=   0.0:  0
Min <= -18.0:  0
Max Rain: 13.8 on day 19
Days of Rain: 16 (>= 0.2 mm)  12 (>= 2.0 mm)  0 (>= 20.0 mm)
Heat Base: 18.3  Cool Base: 18.3  Method: Integration
:now::gauges::today::yesterday::this month::this year::NOAA-style reports: :records::monthly records::trends::webcam:


Page updated 23.10.2017 00:35:01
powered by Cumulus v1.9.4 (1099)