Schwyzi's weather

 Latitude N 47° 32' 21"    Longitude E 07° 10' 18"    Elevation 385 m

Dawn: 07:30 Sunrise: 08:02 Moonrise: 11:23 Moon
Dusk: 19:00 Sunset:  18:29 Moonset: 20:53
Daylight: 11:30 Day length: 10:27 Moon Phase: Waxing Crescent
Select a Year or Month report

Report for 2017 Jun
                   Monthly Climatological Summary for Jun 2017

Name: Schwyzi's Wetter   City: 68580 Seppois le Bas   State: France
Elevation: 385 m  Lat: N 47 32' 21"   Lon: E 007 10' 18"

                  Temperature (C), Rain (mm), Wind Speed (km/h)

                                      Heat  Cool        Avg
    Mean                              Deg   Deg         Wind                 Dom
Day Temp  High   Time   Low    Time   Days  Days  Rain  Speed High   Time    Dir
----------------------------------------------------------------------------------
 1  21.5  28.5   16:49  16.1   05:53   0.4   3.7  12.6   2.4  14.8   14:59   NNE
 2  22.3  32.6   18:23  14.4   05:27   0.9   4.9   0.0   2.1  19.4   15:01   SSW
 3  20.0  27.9   12:44  13.3   04:59   1.2   2.9   1.2   1.9  17.3   17:17   SSW
 4  17.0  21.8   16:19  13.2   23:20   1.8   0.5   4.8   4.4  20.9   10:39   SSW
 5  17.4  26.2   17:36  12.9   01:17   2.4   1.5   0.0   2.0  13.3   17:13   NNE
 6  13.8  18.7   17:44   9.9   04:48   4.5   0.0   7.2   3.4  31.7   16:54   SSW
 7  13.5  20.9   18:08   9.0   23:54   5.0   0.2   3.3   4.2  29.5   14:20   SSW
 8  17.6  32.1   17:56   5.6   05:09   4.0   3.3   0.0   1.9  14.8   12:38   NNE
 9  19.0  28.3   18:07  10.1   04:52   2.2   2.9   0.3   2.8  24.5   09:23   SSW
10  21.2  29.8   18:11  15.2   05:35   0.9   3.8   0.0   2.3  14.8   10:37   NNE
11  23.1  33.7   19:16  11.4   05:47   1.5   6.3   0.0   2.6  14.8   09:14    NE
12  22.4  28.2   18:42  16.2   23:54   0.2   4.3   0.0   3.5  27.0   14:43   SSW
13  21.5  32.3   17:57  11.3   05:39   1.3   4.5   0.0   2.7  17.3   15:48   NNE
14  22.3  31.7   17:48  15.7   04:39   0.6   4.5   0.0   3.0  22.0   10:40    NE
15  24.7  32.6   16:38  16.4   05:35   0.2   6.6   0.0   2.5  22.0   13:21    SW
16  21.9  26.5   16:13  14.6   23:56   0.2   3.8   0.0   4.4  25.6   12:43   SSW
17  19.1  25.4   17:39  10.6   05:50   1.7   2.5   0.0   4.4  29.5   18:13   NNE
18  21.6  29.7   17:29  12.3   05:37   1.0   4.2   0.0   4.3  23.4   16:49   NNE
19  24.5  36.0   18:46  11.8   05:29   1.4   7.7   0.0   1.7  15.8   14:19   NNW
20  26.8  34.7   17:00  17.2   05:54   0.1   8.6   0.0   2.9  25.6   15:49     W
21  27.3  35.9   17:52  18.4   05:19   0.0   9.0   0.0   2.3  17.3   14:49    SW
22  28.1  36.7   14:56  16.9   05:19   0.1   9.9   0.0   2.7  18.4   18:22   WNW
23  27.2  32.0   17:56  20.5   06:25   0.0   8.9   0.0   4.2  29.5   12:25   SSW
24  23.4  29.9   17:54  18.5   23:35   0.0   5.1   0.0   3.1  20.9   18:22   SSW
25  22.9  28.4   19:06  18.3   00:16   0.0   4.6   0.0   3.7  25.6   15:22   SSW
26  23.7  32.7   15:07  13.7   06:07   0.8   6.2   0.3   2.9  22.0   20:29   NNE
27  22.8  30.2   12:35  17.9   05:50   0.0   4.5   2.1   1.7  15.8   14:42   NNE
28  19.4  27.3   14:26  15.4   23:13   0.8   1.9  16.5   2.3  17.3   09:29   SSW
29  17.3  22.7   10:27  12.6   23:24   1.7   0.8   3.0   3.3  33.1   18:25   SSW
30  18.0  24.7   14:44  11.9   04:56   1.6   1.4   0.9   3.6  29.5   15:53   SSW
----------------------------------------------------------------------------------
    21.4  36.7    22     5.6     8    36.5 129.0  52.2   3.0  33.1    29      SW

Max >=  27.0: 22
Max <=   0.0:  0
Min <=   0.0:  0
Min <= -18.0:  0
Max Rain: 16.5 on day 28
Days of Rain: 11 (>= 0.2 mm)  7 (>= 2.0 mm)  0 (>= 20.0 mm)
Heat Base: 18.3  Cool Base: 18.3  Method: Integration
:now::gauges::today::yesterday::this month::this year::NOAA-style reports: :records::monthly records::trends::webcam:


Page updated 23.10.2017 00:35:01
powered by Cumulus v1.9.4 (1099)