Schwyzi's weather

 Latitude N 47° 32' 21"    Longitude E 07° 10' 18"    Elevation 385 m

Dawn: 07:30 Sunrise: 08:02 Moonrise: 11:23 Moon
Dusk: 19:00 Sunset:  18:29 Moonset: 20:53
Daylight: 11:30 Day length: 10:27 Moon Phase: Waxing Crescent
Select a Year or Month report

Report for 2017 Jul
                   Monthly Climatological Summary for Jul 2017

Name: Schwyzi's Wetter   City: 68580 Seppois le Bas   State: France
Elevation: 385 m  Lat: N 47 32' 21"   Lon: E 007 10' 18"

                  Temperature (C), Rain (mm), Wind Speed (km/h)

                                      Heat  Cool        Avg
    Mean                              Deg   Deg         Wind                 Dom
Day Temp  High   Time   Low    Time   Days  Days  Rain  Speed High   Time    Dir
----------------------------------------------------------------------------------
 1  15.8  19.7   15:41  12.8   06:07   2.6   0.1   2.1   4.1  25.6   13:51   SSW
 2  16.0  21.0   13:44  13.3   00:13   2.5   0.2   1.2   3.0  19.4   12:56   SSW
 3  19.1  27.4   18:11  14.3   03:16   1.5   2.3   0.3   2.9  18.4   15:10   SSW
 4  22.0  32.6   17:51  11.7   05:20   1.7   5.4   0.0   1.8  14.8   14:14     N
 5  24.2  35.3   18:48  12.7   05:42   1.2   7.1   0.0   2.3  18.4   14:48   NNW
 6  26.6  38.4   17:06  15.2   05:54   0.4   8.7   0.0   1.9  15.8   13:11     N
 7  25.8  35.3   17:15  17.9   04:17   0.0   7.5   0.0   3.1  24.5   15:13   SSW
 8  26.8  35.0   15:06  17.7   05:42   0.0   8.6   0.0   2.5  30.6   17:29   NNW
 9  21.7  30.1   15:47  17.8   23:53   0.0   3.4  10.8   2.7  29.5   02:09    NE
10  20.3  25.8   13:40  16.2   21:58   0.5   2.5   4.5   2.6  23.4   20:37   SSW
11  19.8  25.9   15:19  15.0   01:37   0.8   2.3   5.4   2.3  17.3   13:28    SW
12  20.8  27.4   16:57  16.9   02:54   0.2   2.7   2.4   4.0  33.1   16:33   SSW
13  20.7  29.1   17:41  15.2   06:24   0.5   3.0   0.0   3.0  17.3   13:25   NNE
14  19.9  25.8   16:19  14.4   23:58   0.8   2.4   1.8   4.1  30.6   14:38   SSW
15  18.2  24.9   16:53  11.7   04:18   2.0   1.9   0.0   2.8  18.4   14:31   NNE
16  20.3  31.3   18:55  10.1   02:54   2.3   4.3   0.0   2.2  15.8   12:29   NNE
17  23.3  33.7   17:44  12.6   05:57   1.2   6.2   0.0   2.7  15.8   11:59   NNE
18  25.3  35.1   17:22  14.9   05:42   0.6   7.6   0.0   2.4  17.3   17:38   NNE
19  26.0  35.5   15:57  16.1   06:07   0.2   8.0   0.0   2.5  19.4   14:14    NW
20  23.1  29.6   15:05  18.2   23:57   0.0   4.8   0.6   3.4  29.5   17:17   SSW
21  21.6  31.1   15:45  17.3   01:21   0.3   3.6   4.5   2.8  22.0   12:46   NNE
22  21.8  29.8   16:12  15.0   05:47   0.6   4.1   0.6   2.1  25.6   17:04     N
23  19.4  24.5   17:24  16.2   23:56   0.5   1.6   4.5   3.4  22.0   10:51   SSW
24  16.5  21.4   14:56  14.5   23:14   2.0   0.2   9.6   3.6  24.5   16:53   SSW
25  16.9  23.1   18:59  13.3   05:34   2.2   0.8   2.1   4.9  23.4   09:57   SSW
26  17.8  26.3   18:44  14.2   00:14   1.7   1.3   0.3   4.2  20.9   09:51   SSW
27  19.4  23.5   13:36  16.1   06:52   0.4   1.5   2.4   3.0  18.4   12:50   SSW
28  19.8  27.4   17:15  15.6   05:54   0.7   2.2   1.8   2.7  22.0   15:44     S
29  22.8  35.2   17:44  12.4   05:51   1.3   5.8   0.0   2.0  15.8   10:33   NNW
30  22.8  30.6   15:03  15.7   06:07   0.4   4.9   3.6   3.0  24.5   10:51   SSW
31  23.2  32.5   17:30  15.2   05:51   0.7   5.6   0.3   1.9  23.4   16:10    NE
----------------------------------------------------------------------------------
    21.2  38.4     6    10.1    16    29.8 120.6  58.8   2.9  33.1    12     SSW

Max >=  27.0: 20
Max <=   0.0:  0
Min <=   0.0:  0
Min <= -18.0:  0
Max Rain: 10.8 on day 9
Days of Rain: 19 (>= 0.2 mm)  11 (>= 2.0 mm)  0 (>= 20.0 mm)
Heat Base: 18.3  Cool Base: 18.3  Method: Integration
:now::gauges::today::yesterday::this month::this year::NOAA-style reports: :records::monthly records::trends::webcam:


Page updated 23.10.2017 00:35:01
powered by Cumulus v1.9.4 (1099)