Schwyzi's weather

 Latitude N 47° 32' 21"    Longitude E 07° 10' 18"    Elevation 385 m

Dawn: 07:30 Sunrise: 08:02 Moonrise: 11:23 Moon
Dusk: 19:00 Sunset:  18:29 Moonset: 20:53
Daylight: 11:30 Day length: 10:27 Moon Phase: Waxing Crescent
Select a Year or Month report

Report for 2017 Aug
                   Monthly Climatological Summary for Aug 2017

Name: Schwyzi's Wetter   City: 68580 Seppois le Bas   State: France
Elevation: 385 m  Lat: N 47 32' 21"   Lon: E 007 10' 18"

                  Temperature (C), Rain (mm), Wind Speed (km/h)

                                      Heat  Cool        Avg
    Mean                              Deg   Deg         Wind                 Dom
Day Temp  High   Time   Low    Time   Days  Days  Rain  Speed High   Time    Dir
----------------------------------------------------------------------------------
 1  23.6  33.7   14:29  16.5   05:51   0.2   5.5   6.0   2.1  23.4   17:54   NNE
 2  25.4  35.6   17:58  18.1   05:15   0.0   7.1   7.5   2.0  18.4   00:29   NNW
 3  26.8  32.9   14:31  20.9   03:03   0.0   8.5   0.0   3.1  23.4   13:59   SSW
 4  23.5  28.5   15:08  17.7   23:52   0.0   5.1   0.0   3.5  23.4   13:09   SSW
 5  22.3  29.9   17:37  14.9   06:17   0.7   4.7   0.0   3.4  25.6   14:22     S
 6  20.4  28.5   17:06  13.6   23:57   0.6   2.7   0.0   2.5  18.4   16:10   NNE
 7  19.7  29.6   18:07  10.0   06:28   2.3   3.7   0.0   3.5  24.5   14:07    NE
 8  17.9  24.9   16:20  14.4   23:04   1.4   1.0  10.5   1.9  22.0   17:07     S
 9  17.8  24.6   12:07  12.5   06:07   1.9   1.3   1.5   1.3  12.2   12:24   NNE
10  14.2  19.5   18:41  10.4   23:46   4.1   0.0  12.9   2.0  17.3   01:34   ENE
11  13.3  17.2   17:30  10.2   02:20   5.0   0.0   3.0   1.7  13.3   13:47     S
12  16.5  22.2   13:57  12.0   00:17   2.6   0.8   0.0   2.5  20.9   15:31     S
13  19.7  29.6   18:13  12.5   01:50   1.7   3.1   0.0   1.4  15.8   14:09   NNW
14  21.8  32.3   18:13  12.4   06:16   1.5   5.0   0.0   1.7  14.8   16:53   NNE
15  23.6  31.9   10:45  15.2   06:23   0.6   5.9   0.0   2.3  22.0   15:16   SSW
16  22.6  30.0   15:22  15.8   05:44   0.3   4.6   0.0   1.8  15.8   14:41   NNW
17  23.2  31.4   16:20  16.5   06:38   0.2   5.1   0.0   2.6  18.4   15:57   SSW
18  20.9  31.5   14:07  15.2   05:48   1.0   3.6  11.4   2.8  30.6   17:44   SSW
19  18.1  24.1   15:48  11.7   23:51   1.8   1.5   3.6   3.4  24.5   12:45   SSW
20  16.4  25.6   17:23   8.1   06:30   3.8   2.0   0.0   1.9  17.3   17:02    SW
21  16.9  27.1   16:40   8.6   04:14   3.4   2.0   0.0   1.9 157.0   05:52   NNE
22  19.6  31.7   18:07   9.7   06:16   2.5   3.9   0.0   2.2 158.0   08:12   NNE
23  22.1  35.1   17:28  11.6   06:14   1.8   5.6   0.0   1.5  15.8   15:36     N
24  22.6  30.7   13:38  15.7   06:21   0.3   4.6   0.0   1.9  23.4   15:40     S
25  23.1  33.6   15:58  13.4   06:24   1.3   6.0   0.0   1.3  12.2   15:28   NNE
26  24.1  35.5   16:47  15.3   06:18   0.6   6.4   0.0   1.8  15.8   15:11     N
27  22.8  33.7   16:47  14.6   05:47   0.8   5.3   0.3   1.3  14.8   14:57    SE
28  23.3  34.6   17:07  15.6   06:41   0.5   5.5   0.0   1.7  14.8   15:31    NE
29  23.6  35.4   16:07  11.3   06:17   0.8   6.1   0.0   2.3  18.4   13:09   NNE
30  23.1  33.4   13:52  15.6   06:06   0.6   5.4   0.3   2.7  20.9   14:24   SSW
31  16.6  19.6   00:00  13.0   22:38   1.8   0.1  10.2   2.5  24.5   09:37   SSW
----------------------------------------------------------------------------------
    20.8  35.6     2     8.1    20    44.1 122.1  67.2   2.2 158.0    22     SSW

Max >=  27.0: 23
Max <=   0.0:  0
Min <=   0.0:  0
Min <= -18.0:  0
Max Rain: 12.9 on day 10
Days of Rain: 11 (>= 0.2 mm)  8 (>= 2.0 mm)  0 (>= 20.0 mm)
Heat Base: 18.3  Cool Base: 18.3  Method: Integration
:now::gauges::today::yesterday::this month::this year::NOAA-style reports: :records::monthly records::trends::webcam:


Page updated 23.10.2017 00:30:01
powered by Cumulus v1.9.4 (1099)