Schwyzi's weather

 Latitude N 47° 32' 21"    Longitude E 07° 10' 18"    Elevation 385 m

Dawn: 07:30 Sunrise: 08:02 Moonrise: 11:23 Moon
Dusk: 19:00 Sunset:  18:29 Moonset: 20:53
Daylight: 11:30 Day length: 10:27 Moon Phase: Waxing Crescent
Select a Year or Month report

Report for 2017 Sep
                   Monthly Climatological Summary for Sep 2017

Name: Schwyzi's Wetter   City: 68580 Seppois le Bas   State: France
Elevation: 385 m  Lat: N 47 32' 21"   Lon: E 007 10' 18"

                  Temperature (C), Rain (mm), Wind Speed (km/h)

                                      Heat  Cool        Avg
    Mean                              Deg   Deg         Wind                 Dom
Day Temp  High   Time   Low    Time   Days  Days  Rain  Speed High   Time    Dir
----------------------------------------------------------------------------------
 1  15.2  20.9   16:56  11.4   23:37   3.2   0.1   0.0   1.5  17.3   12:14   NNE
 2  13.1  20.3   17:12  10.8   04:14   5.3   0.0   3.9   1.2  13.3   09:25   SSW
 3  15.0  24.9   15:49   8.4   07:19   4.3   1.0   0.3   1.3  14.8   15:58   NNE
 4  16.6  26.1   15:53   9.5   05:37   3.3   1.7   0.0   1.5  15.8   12:24     W
 5  21.1  27.8   13:34  14.9   06:53   0.8   3.6   0.0   1.9  18.4   14:20     S
 6  17.9  22.7   12:50  11.9   23:13   1.1   0.6   1.2   3.2  23.4   13:12     S
 7  15.3  21.8   16:24  10.0   23:51   3.5   0.5   0.0   2.0  17.3   14:41     S
 8  14.6  20.7   16:48   8.2   03:11   4.1   0.4   0.0   2.6  25.6   13:43     S
 9  14.0  18.7   14:20  10.8   03:44   4.3   0.0   2.1   2.0  24.5   15:54     S
10  14.5  21.2   18:28   9.7   22:44   4.2   0.4   0.0   2.6  20.9   13:31   SSW
11  13.6  19.5   16:14   8.1   04:09   4.7   0.0   0.0   2.9  27.0   10:46     S
12  13.6  19.3   17:46  11.4   05:07   4.7   0.0   2.4   3.4  28.1   13:04     S
13  17.5  23.9   18:21  11.0   01:38   2.2   1.4   0.9   5.3  34.2   19:41     S
14  14.5  21.5   00:00   9.0   22:28   4.5   0.8  12.0   5.8  42.8   08:23   SSW
15  12.8  21.9   15:31   6.1   07:15   5.8   0.3   0.0   1.9  19.4   11:56    SW
16   9.8  18.5   11:50   4.5   06:27   8.5   0.0   4.2   1.1  13.3   15:03    NW
17   9.9  20.3   16:28   5.8   05:33   8.4   0.0  10.5   1.4  27.0   13:07     S
18  11.2  17.4   18:14   8.3   01:52   7.1   0.0   3.0   1.5  13.3   14:46     S
19  10.9  17.3   14:11   7.0   04:12   7.4   0.0   3.9   1.8  18.4   13:04   SSW
20  12.4  20.1   14:31   6.3   23:53   6.0   0.1   0.3   1.2  13.3   15:27   WNW
21  11.6  22.2   16:59   4.0   03:25   7.2   0.5   0.0   2.4  19.4   14:41    NE
22  13.0  23.2   15:11   4.3   07:16   6.3   1.0   0.0   1.2  14.8   14:08    SW
23  14.7  25.7   15:45   6.6   06:39   4.8   1.2   0.0   1.0  13.3   11:42   NNE
24  15.0  27.0   17:07   7.7   07:25   4.6   1.3   0.0   1.3  14.8   13:24   NNE
25  14.1  25.6   15:43   6.8   04:14   5.3   1.1   0.0   1.7  14.8   13:54   NNE
26  12.9  20.6   16:53   7.2   04:21   5.4   0.0   0.9   0.3   7.2   13:09    NW
27  16.3  26.0   16:12  11.7   23:58   3.3   1.4   0.0   0.6   9.7   14:54   NNW
28  15.9  26.3   14:44   9.3   05:02   4.0   1.6   0.0   1.1  13.3   11:57    NW
29  17.8  29.1   15:49  11.2   07:28   2.9   2.5   0.0   0.8   9.7   12:24   NNE
30  13.9  20.1   10:15  10.4   23:24   4.6   0.2   3.3   2.3  19.4   13:26     S
----------------------------------------------------------------------------------
    14.3  29.1    29     4.0    21   141.8  21.7  48.9   2.0  42.8    14     SSW

Max >=  27.0:  3
Max <=   0.0:  0
Min <=   0.0:  0
Min <= -18.0:  0
Max Rain: 12.0 on day 14
Days of Rain: 14 (>= 0.2 mm)  9 (>= 2.0 mm)  0 (>= 20.0 mm)
Heat Base: 18.3  Cool Base: 18.3  Method: Integration
:now::gauges::today::yesterday::this month::this year::NOAA-style reports: :records::monthly records::trends::webcam:


Page updated 23.10.2017 00:30:01
powered by Cumulus v1.9.4 (1099)