Schwyzi's weather

 Latitude N 47° 32' 21"    Longitude E 07° 10' 18"    Elevation 385 m

Dawn: 07:30 Sunrise: 08:02 Moonrise: 11:23 Moon
Dusk: 19:00 Sunset:  18:29 Moonset: 20:53
Daylight: 11:30 Day length: 10:27 Moon Phase: Waxing Crescent
Select a Year or Month report

Report for 2017 Oct
                   Monthly Climatological Summary for Okt 2017

Name: Schwyzi's Wetter   City: 68580 Seppois le Bas   State: France
Elevation: 385 m  Lat: N 47 32' 21"   Lon: E 007 10' 18"

                  Temperature (C), Rain (mm), Wind Speed (km/h)

                                      Heat  Cool        Avg
    Mean                              Deg   Deg         Wind                 Dom
Day Temp  High   Time   Low    Time   Days  Days  Rain  Speed High   Time    Dir
----------------------------------------------------------------------------------
 1  12.7  20.4   16:38   8.0   05:18   5.7   0.1   0.0   1.4  14.8   13:56     N
 2  14.4  20.0   15:14   9.2   05:54   4.0   0.1   2.1   1.8  18.4   18:29   SSW
 3  15.1  21.0   14:37   6.2   23:55   3.4   0.2   9.3   3.2  23.4   07:33   SSW
 4   9.3  17.0   16:27   4.0   03:55   9.0   0.0   0.0   1.0  13.3   15:12     S
 5  13.0  22.3   16:10   4.5   05:42   5.9   0.6   5.4   3.5  28.1   12:24   SSW
 6   9.8  14.3   16:48   5.4   23:52   8.5   0.0   1.5   2.3  22.0   13:14     S
 7   9.0  17.0   15:30   1.7   07:15   9.3   0.0   0.3   1.5  15.8   16:24     S
 8  11.1  13.0   15:35   9.1   06:06   7.2   0.0   1.2   2.2  20.9   02:32     S
 9  12.0  19.5   15:48   6.7   23:44   6.3   0.0   0.9   1.1  17.3   14:05     S
10  11.1  19.3   13:02   3.8   05:25   7.2   0.0   0.3   1.3  17.3   10:55   SSW
11  13.4  25.2   16:47   6.1   06:43   6.0   1.0   0.0   1.0  13.3   13:58   WNW
12  13.7  21.7   14:27   6.4   04:10   5.0   0.3   0.0   2.3  23.4   10:41   SSW
13  13.1  27.2   16:52   5.1   07:38   6.5   1.3   0.0   1.0  14.8   14:35     N
14  13.3  28.6   16:28   4.8   07:44   6.7   1.7   0.0   0.7   9.7   10:57   NNE
15  14.2  30.2   16:08   5.3   07:06   6.5   2.4   0.0   0.7  12.2   15:29   NNE
16   8.7  10.1   00:21   8.3   01:49   9.6   0.0   0.0   0.0   5.0   00:37    NE
17   8.7   8.7   00:00   8.7   00:00   9.6   0.0   0.0   0.0   2.5   00:00   ---
18   8.7   8.7   00:00   8.7   00:00   9.6   0.0   0.0   0.0   2.5   00:00   ---
19   8.7   8.7   00:00   8.7   00:00   9.6   0.0   0.0   0.0   2.5   00:00   ---
20   8.7   8.7   00:00   8.7   00:00   9.6   0.0   0.0   0.0   2.5   00:00   ---
21   8.7   8.7   00:00   8.7   00:00   9.6   0.0   0.0   0.0   2.5   00:00   ---
22   8.7   8.7   00:00   8.7   00:00   9.6   0.0   0.0   0.0   2.5   00:00   ---
----------------------------------------------------------------------------------
    11.2  30.2    15     1.7     7   164.4   7.7  21.0   1.1  28.1     5     SSW

Max >=  27.0:  3
Max <=   0.0:  0
Min <=   0.0:  0
Min <= -18.0:  0
Max Rain: 9.3 on day 3
Days of Rain: 8 (>= 0.2 mm)  3 (>= 2.0 mm)  0 (>= 20.0 mm)
Heat Base: 18.3  Cool Base: 18.3  Method: Integration
:now::gauges::today::yesterday::this month::this year::NOAA-style reports: :records::monthly records::trends::webcam:


Page updated 23.10.2017 00:35:01
powered by Cumulus v1.9.4 (1099)