Schwyzi's weather

 Latitude N 47° 32' 21"    Longitude E 07° 10' 18"    Elevation 385 m

Dawn: 05:59 Sunrise: 06:32 Moonrise: 15:41 Moon
Dusk: 21:10 Sunset:  20:37 Moonset: 00:30
Daylight: 15:11 Day length: 14:05 Moon Phase: Waxing Gibbous
       
   
Select a Year or Month report
V/Λ2018 > Jan Feb Mar Apr May Jun Jul Aug Sep Oct Nov Dec
V/Λ2017 > Jan Feb Mar Apr May Jun Jul Aug Sep Oct Nov Dec
V/Λ2016 > Jan Feb Mar Apr May Jun Jul Aug Sep Oct Nov Dec
V/Λ2015 > Jan Feb Mar Apr May Jun Jul Aug Sep Oct Nov Dec
V/Λ2014 > Jan Feb Mar Apr May Jun Jul Aug Sep Oct Nov Dec
V/Λ2013 > Jan Feb Mar Apr May Jun Jul Aug Sep Oct Nov Dec

Report for 2018
                   Annual Climatological Summary for 2018

Name: Schwyzi's Wetter   City: 68580 Seppois le Bas   State: France
Elevation: 385 m  Lat: N 47° 32' 21"   Lon: E 007° 10' 18"

                  Temperature (°C), Heat Base: 18.3  Cool Base: 18.3
                          Dep.  Heat  Cool                       Max  Max  Min  Min
        Mean  Mean        From  Deg   Deg                        >=   <=   <=   <=
 YR MO  Max   Min   Mean  Norm  Days  Days  Hi  Date  Low  Date 27.0  0.0  0.0 -18.0
------------------------------------------------------------------------------------
 18  1  13.5   5.4   8.4   0.0   161     5  29.2   4   2.1    9    3    0    0    0
 18  2
 18  3  28.1  12.9  19.3   0.0    56    89  35.1  18   6.7    4   17    0    0    0
 18  4  20.8   8.1  13.1   0.0   170    14  28.1  21   1.8   28    1    0    0    0
 18  5  23.1  10.3  15.7   0.0   134    54  33.1  26   2.1   11   12    0    0    0
 18  6  28.4  12.8  20.1   0.0    42    96  35.7  20   6.2   23   21    0    0    0
 18  7  31.8  12.0  22.7   0.0    25   160  38.8  31 -22.4    2   27    0    2    2
 18  8  32.7  13.5  23.3   0.0    10   101  38.8   4 -22.4    6   18    0    1    1
 18  9
 18 10
 18 11
 18 12
------------------------------------------------------------------------------------
        25.5  10.7  17.5   0.0   603   522  38.8 Jul -22.4  Jul   99    0    3    3

                                Precipitation (mm)

              Dep.   Max        Days of Rain
              From   Obs.           >=
 YR MO Total  Norm   Day Date  0.2  2.0 20.0
---------------------------------------------
 18  1 272.7   0.0 271.2   5     2    1    1
 18  2
 18  3  33.0   0.0  15.0  10     9    3    0
 18  4  62.4   0.0  13.2   9    18    7    0
 18  5 339.9   0.0 269.1   7    13   12    1
 18  6  80.1   0.0  26.1   4     9    7    2
 18  7  33.3   0.0  12.0   5     7    5    0
 18  8  21.0   0.0   9.0  13     7    4    0
 18  9
 18 10
 18 11
 18 12
---------------------------------------------
       842.4   0.0 271.2  Jan   65   39    4

                                Wind Speed (km/h)
                          Dom
 YR MO   Avg.  Hi   Date  Dir
------------------------------
 18  1   1.1  33.1    5    NE
 18  2
 18  3   2.0 196.0   12     E
 18  4   2.0  27.0    5     S
 18  5   2.8  39.2   14   NNW
 18  6   1.8 157.0    7   NNE
 18  7   0.2  19.4   10     S
 18  8   0.0  35.6    9   ENE
 18  9
 18 10
 18 11
 18 12
------------------------------
         1.4 196.0  Mär   NNE
       
:now::gauges::today::yesterday::this month::this year::NOAA-style reports: :records::monthly records::trends::webcam:


Page updated 19.08.2018 23:05:01
powered by Cumulus v1.9.4 (1099)